r = -a + 2780. Is a a prime number?
True
Let p(u) = 48*u + 7. Let z be p(1). Suppose -53*d + z*d = 114. Is d a prime number?
False
Let r = 964656 + -584477. Is r composite?
False
Let y(u) = 2*u**2 - 24*u + 53. Let l(p) = p**2 - 24*p + 52. Let j(t) = -4*l(t) + 3*y(t). Let d be j(-22). Suppose -6*a = -d + 109. Is a a prime number?
True
Suppose 0 = 12*r - 57 + 9. Suppose -4*j = 4*k - 42244, -42234 = -r*k + 26*j - 25*j. Is k a prime number?
True
Let o(n) = -99997*n + 7014. Is o(-7) a prime number?
False
Suppose 3*u - 21 + 12 = 0. Let k be u/(-1)*(2 - 3/1). Let v(l) = 29*l**2 + 2. Is v(k) prime?
True
Suppose l - 1330 = -l. Suppose -h + l = -6*h. Let f = 230 + h. Is f a prime number?
True
Let f(t) = t**2 - 6*t + 2. Let k be f(3). Let j(i) = -7*i**3 + i**2 - 6*i - 21. Is j(k) prime?
False
Let b = -230 + 250. Let p(t) = 823*t - 87. Is p(b) a composite number?
True
Let d = 204369 + 226280. Is d prime?
True
Suppose -20*w + 27 + 13 = 0. Suppose -w*l = r - 10991, -5*l = -5*r + 6*r - 27482. Is l composite?
True
Suppose 4*d - 2*d - 4*r = 30, r = -5*d + 53. Suppose -3719 + 11342 = d*v. Let w = v - 322. Is w prime?
False
Let y(u) = -32*u**3 + 5*u**2 + 10*u - 18. Let c be y(-13). Suppose 3*z = -6*z + c. Suppose -3*k - 5*p + z = 2767, k = -p + 1708. Is k a prime number?
True
Let g be 13 + (-23)/(92/24). Let r(q) = 193*q + 12. Is r(g) composite?
True
Let i = 264 + -259. Let p be 12/18 - (-10)/3. Suppose -z = -p*h - 319, -z = -i*z + 3*h + 1237. Is z a prime number?
True
Let i = -6405 - -9473. Suppose 7*q + i = 16326. Is q a prime number?
False
Let k(n) = 192*n**2 - 8*n + 2179. Is k(40) a prime number?
True
Suppose -16*r = -14*r + 22. Let j(o) = -173*o - 68. Is j(r) composite?
True
Suppose 0 = -3*j + 4*t - 6235, -13*j + 8*j - 10400 = -5*t. Let d = j - -8632. Is d prime?
True
Let t(c) be the third derivative of 11*c**4/24 - c**3 - 31*c**2. Let o be t(-6). Is (-1480)/o + 4/9 composite?
True
Let f(r) = 11957*r - 468. Is f(5) a prime number?
False
Let c(a) = -10*a**3 - 2*a**2 - 6*a - 3. Let m be c(-2). Let v = -78 + m. Is 853/(v + 40/(-15)) composite?
True
Suppose 0 = -2*g + 11 - 1. Suppose 0 = 3*h, g*m = -3*h + 883 + 962. Let p = m + -71. Is p composite?
True
Let f(z) = 577*z**3 - 13*z**2 - 18*z + 181. Is f(8) prime?
True
Let t be (30 - -12)*(2 + 3524/(-7)). Let g = t + 29989. Is g a prime number?
True
Let p(i) be the third derivative of 515*i**4/24 + 23*i**3/3 - 3*i**2. Let z be p(9). Let n = -2432 + z. Is n prime?
False
Let q = -79304 - -275185. Is q prime?
False
Is (-4710)/60*(3 + -5)*67 a composite number?
True
Let r be (2/3)/((-5 - -3)/(-48)). Let g be ((-66)/9)/(r/(-72)). Let s = 44 - g. Is s a composite number?
False
Is 553839 + ((-144)/69 - 110/(-1265)) a prime number?
True
Suppose -24*n = -22*n - 514. Let g = -112 + n. Is g composite?
True
Suppose 31*s - 37*s + 48066 = 0. Is s a prime number?
True
Suppose -4*q = -5*a - 695948, -173987 = -16*q + 15*q - 3*a. Is q prime?
False
Suppose -3*b - 2*o = -8, 3 = -o + 4*o. Suppose 3*d + 10176 = 3*w, b*w = -4*d - d + 6819. Is w composite?
True
Let h = 122307 - 72976. Is h composite?
False
Let h be (8/(-2) + 8)/((-10)/5). Let r(g) = 153*g**2 - 5*g - 9. Is r(h) a prime number?
True
Suppose w - 27687 - 6304 = g, -3*g = -4*w + 135962. Suppose -88076 = -33*r - w. Is r composite?
True
Let q(k) = 2*k**2 - 149*k + 1671. Let v be q(12). Let r = -135 + -11. Let b = v - r. Is b prime?
True
Suppose -4*k = 5*y - 2423, -2*y - 2441 = -7*y + 2*k. Suppose 14*j + 4*q + y = 15*j, 0 = 5*j - 4*q - 2403. Is j a composite number?
False
Let z(h) = 4906*h**2 - 208*h + 1299. Is z(6) composite?
True
Let m = 57663 + 46796. Is m prime?
True
Suppose 87416 = 5*b - 3*s + 30016, 4*b - 3*s - 45917 = 0. Is b a prime number?
True
Let p = -100 - -105. Suppose 12 + 3 = p*i. Is i - (-2 - 0) - -782 prime?
True
Let a(x) = 57506*x**3 - 284*x**2 + 571*x - 3. Is a(2) composite?
False
Is 44/(-110)*1854335/(-14) composite?
False
Let j(f) = -f**3 - 32*f**2 - 53*f - 200. Let u be j(-30). Let l be 1/(-1*(2 - 1)). Is 1*l*(u - 1) prime?
False
Suppose 10*t + 5*t = -34*t + 621761. Is t prime?
True
Let g = -39 + 43. Suppose -4*p + 193 = -3*x - 0*p, 0 = g*x - 5*p + 258. Let i = x - -698. Is i a composite number?
False
Suppose -4*i - 9*g + 30404 = -7*g, -2*i = -5*g - 15178. Is i - (-12)/9*3 a composite number?
False
Let i(q) = -145*q + 5. Let x(j) = -146*j + 6. Let a(y) = 5*i(y) - 6*x(y). Let l be a(6). Suppose 4*r + r = l. Is r a composite number?
False
Is 6/((-539476)/53948 + 10) + -5 a prime number?
True
Let y(d) = 2*d**3 - 5*d**2 - 65*d + 41. Let b be y(19). Let z = -5050 + b. Is z composite?
False
Let a be (457/2)/((-1)/2). Suppose 253 + 5275 = 5*v + 2*m, 0 = -4*m - 4. Let d = v + a. Is d a composite number?
True
Let c(y) = 38*y**2 - 95*y - 199. Is c(-24) composite?
True
Suppose -15*l = -11*l + i - 983, -3*l + 726 = 3*i. Let u(g) = -11*g**3 - 4*g**2. Let q be u(-3). Suppose 4*o - l = q. Is o composite?
False
Suppose 39*k - 505 = 44*k. Let l = -93 - k. Suppose -l*q + 2*q + 1524 = 0. Is q prime?
False
Suppose -6*z = -33*z. Suppose z = 2*y + 30*r - 33*r - 10105, -y - r + 5050 = 0. Is y a prime number?
True
Let m = 24 + -21. Suppose m*h = -5*h + 32248. Is 1/4*(h - -5) a prime number?
True
Suppose 0 = -4*s - 2*u + u + 56974, s - 3*u - 14237 = 0. Let i = s - 9852. Is i a prime number?
True
Let r = -2968 - -4772. Is (r - 3)/(15/75) prime?
False
Suppose 51*g - 66*g = -239385. Is g a prime number?
True
Let s(y) = 5*y + 10. Let d be s(7). Let z = d - 43. Suppose -2*r - 3*t = -110, z*r + 275 = 7*r + 2*t. Is r a prime number?
False
Let c(x) = -17*x**2 + 7*x + 16. Let d(f) = 25*f**2 - 10*f - 24. Let l(y) = -8*c(y) - 5*d(y). Let a be l(-2). Is ((-14)/5)/(a/(-840)) a composite number?
True
Suppose 4968 = -86*l + 74*l. Suppose 3*d + 3*h = 2049, 5*d + 4*h = 1063 + 2352. Let n = d + l. Is n prime?
True
Let j = -48 + 42. Let a = 6 + j. Suppose -2*f = -r - a*f + 2313, -f = -2. Is r prime?
False
Let c(h) = -53*h**3 - 11*h**2 - 6*h + 67. Is c(-15) prime?
True
Suppose -45*f - 251*f = 11*f - 46178633. Is f prime?
False
Is 390/(-468) - (2 - 387958/12) composite?
False
Suppose -4*s + j + 1922 = -4*j, 3*s + 3*j - 1455 = 0. Let p be 4080/289 - (-8)/(-68). Let t = s + p. Is t prime?
False
Suppose -3*c + 3*i = -71778, 21678 + 26186 = 2*c + 2*i. Is c prime?
True
Suppose -1619587 + 1069690 = -29*j + 1524386. Is j a prime number?
True
Let k(i) = -1611*i + 3597. Is k(-26) prime?
False
Suppose -56*x + 1765703 - 442367 = 0. Is x composite?
True
Suppose 6114691 = 115*i - 15458924 - 3970070. Is i prime?
False
Suppose -x - k + 2885 = -3*x, 4*k - 4325 = 3*x. Let p = x + 3290. Is p a composite number?
False
Let l = -7 - -4. Let o = l + 1. Is (-76601)/(-31) + (-8)/o*-1 prime?
True
Let b(d) = 5755*d**2 - 180*d + 1069. Is b(6) composite?
False
Let s = 0 + 7. Suppose -5*r + 4*m + 40 = 0, -r + s = -m - 2. Suppose -r*b + 3988 = -0*b. Is b a prime number?
True
Let w = 64 + -59. Let x(i) = 36*i**3 + 6*i**2 - 4*i + 10. Let a be x(w). Suppose 4*y - 10884 = -a. Is y a composite number?
True
Let h = 74 + -82. Is -4 - 0 - ((-80)/h - 5256) composite?
True
Suppose 6*u + 3*u + 130437 = 0. Let t be -3 + (-164)/(-52) + u/(-13). Suppose -5*w - 5*j + t = 0, 5*w - 1369 = 3*j - 286. Is w composite?
True
Let u(m) be the second derivative of 23*m**4/6 - 43*m**3/6 + 13*m**2 - 26*m. Let i(w) be the first derivative of u(w). Is i(15) prime?
False
Let m = 150944 - 105699. Is m a prime number?
False
Is (225582720/(-22))/(-20) - -23 prime?
True
Suppose 6 = -0*d + 2*d, -d = -2*y + 1. Suppose 10296 = -4*w - y*z, 2574 = w - 2*w + 3*z. Let c = w + 4133. Is c a prime number?
True
Let y be 2*24/18*(-3)/(-2). Suppose -3*n + 2*n - 4*i + 1535 = 0, -5*n = y*i - 7707. Is n composite?
False
Suppose -2*m - 2*d + 3453 = 3*m, 2*m + 4*d - 1378 = 0. Suppose -f = -t + m + 1075, 7055 = 4*t + 5*f. Is t a composite number?
True
Let o(a) = -10*a**3 - 25*a**2 - 96*a - 268. Is o(-15) prime?
True
Is -6 - ((-1)/((-4)/(-485936)) - 9) a prime number?
True
Is 19666455/(-180)*-3*4 prime?
True
Is ((-1158)/12*669)/(9/(-36)) - 1 composite?
False
Let g(s) = 12*s - 8. Let z be g(2). Let n(v) = -v**3 + 4*v**2 - 5*v + 3. Let p be n(3). Is ((-12)/z*-449)/(p/(-4)) composite?
False
Suppose 0 = z - 5*k - 519437, 176*z + 2*k = 179*z - 1558363. Is z composite?
False
Suppose -6